et m = 3 + p. Let t be k(m). What is the highest common divisor of 4 and t?
4
Let k(n) be the third derivative of n**6/120 - n**5/30 - n**4/4 + 2*n**3 - 8*n**2. Let y be k(5). Calculate the highest common factor of y and 19.
19
Let v = -102 - -165. Suppose 63 = 2*i + i. What is the highest common divisor of i and v?
21
Suppose -12 = -u - 2*u. Suppose 3*d - u*t = 8, 4*d + 2*t - 5 - 13 = 0. Calculate the greatest common factor of 10 and d.
2
Suppose -4*s + 85 + 95 = 0. Let a = 7 - -11. Calculate the highest common factor of a and s.
9
Let d(j) = -j**2 - 9*j + 1. Let x be d(-7). Let u = 25 - x. Calculate the greatest common divisor of u and 100.
10
Let o(b) = 2*b**2 + 3*b - 1. Let a be o(2). Let m be ((-2)/(-2) - a)*-1. What is the greatest common divisor of 4 and m?
4
Suppose 3*s + s - 752 = 0. Suppose -4*a = 44 - s. Suppose 0 = -4*p - 4*c + 76 - 12, 2*p - a = -c. What is the greatest common factor of p and 30?
10
Let z(d) = -d**3 - 16*d**2 + 15*d - 14. Let k be z(-17). What is the greatest common factor of 5 and k?
5
Let z(u) = 6*u**2 - 4*u**3 + 4 - 3 + 3*u**3 - u. Let n be z(5). Let a be (21/9)/(1/3). Calculate the highest common factor of n and a.
7
Let v = 143 + -88. Suppose m - 2*s = 11, -3*m - 4*s = 2 - 15. Let h be (-2)/(m/((-140)/8)). Calculate the highest common divisor of v and h.
5
Suppose -o + 135 = 4*o. Suppose 3 = m - 132. Calculate the greatest common factor of m and o.
27
Suppose 10*v - 183 = 257. Calculate the greatest common divisor of v and 110.
22
Suppose 0 = 2*l - 3*s - 80, 4*l + l - 210 = 5*s. What is the highest common factor of 23 and l?
23
Suppose 4 = -2*y - g - 2, 5*y + 16 = -2*g. Let j be (-260)/(-28) - y/(-14). Let t = 2 + j. What is the highest common factor of t and 11?
11
Suppose -3*c - 27 = -153. Suppose -6*m + 2*m + 428 = 4*x, 4*x - 414 = 3*m. What is the greatest common factor of c and x?
21
Let f be (-32)/(-5) + (-26)/65. Let b(u) = u**2 + 3*u + 6. Let x be b(f). What is the greatest common divisor of x and 40?
20
Suppose -3 + 19 = 4*b. Suppose -3*s + r - 1 = -b, s - 3*r + 7 = 0. Suppose -s*c = 4 - 24. Calculate the highest common factor of 40 and c.
10
Let c be 9/(-2)*-2 + 3. Let x be (c - 2) + -4 + 2. Calculate the greatest common divisor of 2 and x.
2
Let s = -21 - -29. Let u = s + -7. Suppose -2*y + 5 + u = 0. What is the highest common divisor of y and 6?
3
Let t be (-8)/28 - 762/(-21). What is the highest common factor of t and 12?
12
Let t be (-6)/(-5)*100/6. Suppose 7*s - 150 = 2*s. What is the highest common divisor of s and t?
10
Let z(p) = 4*p + 1 - 2*p + 4*p**2 - p**3 - 5*p. Let j be z(2). Suppose -297 = -6*o + j*o. Calculate the highest common factor of o and 11.
11
Let s = -12 - -40. What is the greatest common divisor of s and 28?
28
Let b(f) = f**3 + 16*f**2 + 21*f - 15. Let g be b(-15). Let d = -7 - g. Calculate the highest common factor of d and 14.
14
Let n = 0 - -3. Suppose -n*v = v - 640. Calculate the greatest common factor of 20 and v.
20
Let g = 36 + -9. Suppose 3*s = -c, -3*c + 4 = 5*s - 0*c. Let p = s - -4. Calculate the greatest common divisor of p and g.
3
Let s(g) = 4*g**2 - 1. Let a be s(-1). Let l(i) = 19*i - 1. Let b be l(a). Calculate the greatest common divisor of 14 and b.
14
Let g(c) = 3*c**2 - 2*c**3 - 5*c**2 + 2 + 4*c**2 + 2*c. Let v be g(-2). What is the highest common factor of v and 176?
22
Let w(q) = -q + 1. Let v be w(-4). Suppose -7 + v = -2*l. What is the highest common factor of 8 and l?
1
Suppose 2*a + 1 = -1. Let v be a + (1 - 1) + 3. Suppose 7*q = v*q + 300. Calculate the highest common factor of q and 12.
12
Let n = -71 + 134. What is the highest common divisor of n and 36?
9
Suppose i + 3 = -0*i. Let t be 4 + i + (20 - 1). Calculate the highest common factor of 4 and t.
4
Let w be (56/35)/((-4)/(-10)). What is the greatest common factor of w and 10?
2
Let f(t) = -113*t + 1. Let y(s) = s - 2. Let u be y(3). Let c be f(u). Let n = c + 211. What is the highest common divisor of 9 and n?
9
Let b = 95 - 39. Let w be 1/(-2)*(-4 - -2)*7. Calculate the highest common factor of b and w.
7
Let v(o) = o**2 - 6*o + 1. Let p = -17 + 26. Let w be v(p). Suppose -2*l - r = -28, -3*r + w = 2*l - 5*r. What is the greatest common divisor of 56 and l?
14
Suppose 0 = -j, 0 = 2*z + 3*z - j + 980. Let i be z/(-10) + (-8)/(-20). Let g = i - 12. Calculate the greatest common factor of g and 4.
4
Suppose 2*s = 4*y - 48, -4*s + 3*s = 2. What is the greatest common divisor of y and 33?
11
Let k(l) = 7*l**3 - l**2 - l + 1. Let i be k(1). Calculate the highest common divisor of 2 and i.
2
Suppose 0 = -8*l + 19 + 5. Calculate the highest common divisor of 12 and l.
3
Let s(t) = -2*t + 1. Let c be s(1). Let z(b) be the first derivative of b**3 + b**2/2 + 3. Let d be z(c). Calculate the highest common divisor of d and 18.
2
Let z be 4/18 - (-87)/(-27). Let w be z/(-3)*-11*-1. Suppose 0 = -2*k + 4*a + 6, -2*a = -6*a + 16. Calculate the greatest common factor of k and w.
11
Let s(z) = -16*z - 19 + 19. Let f be s(-1). Calculate the highest common factor of 64 and f.
16
Let g be (-6)/(-8) + (-436)/(-16). Calculate the highest common factor of 182 and g.
14
Suppose -4*c + 103 = -3*c. Let h = -57 + c. Calculate the highest common factor of h and 69.
23
Let s = -46 - -49. What is the greatest common divisor of 18 and s?
3
Suppose -3*y + 5 = -2*y. Suppose -y*c = -434 - 406. What is the greatest common factor of 28 and c?
28
Let o(s) = 2*s**3 + 3*s**2 - 6*s + 2. Let f be o(2). What is the highest common factor of f and 72?
18
Let g = -2 + 6. Suppose g*n = n + 15. Suppose n*t = -p + 11, -3*p + 1 = -2. Calculate the greatest common factor of 2 and t.
2
Let v = -7 - -14. Calculate the highest common divisor of v and 1.
1
Let o(r) = -r - 2. Let a be o(-2). Let t be (a + 15)*5/15. Suppose n + 44 = t*n. Calculate the greatest common divisor of n and 33.
11
Let d = 45 + -28. Let o = 27 + 117. Let l = -93 + o. What is the greatest common factor of d and l?
17
Let r(c) = c**3 + 7*c**2 + 5*c - 2. Let h = 2 - -6. Let i = h + -14. Let j be r(i). Calculate the highest common factor of 6 and j.
2
Suppose -3*q + 32 = q. Calculate the highest common factor of q and 16.
8
Suppose -r - 3*r + 216 = 0. What is the greatest common factor of r and 36?
18
Let i = 26 - 13. What is the greatest common divisor of i and 130?
13
Let u(g) = 3*g**2 - 4*g - 8. Let x be u(-2). What is the highest common divisor of 18 and x?
6
Suppose -19*r + 7*r = -360. Suppose -4*n = -2*v - 274, -7*n = -3*n + 2*v - 254. Suppose r + n = 3*d. Calculate the highest common divisor of 80 and d.
16
Suppose -4*r + 97 = -31. What is the highest common factor of 16 and r?
16
Let k be (-2*1)/(5 - 4). Let f be 2/4 + (-17)/k. Suppose 5*h + r = 91, -h + 0*h + 2*r = -16. What is the greatest common divisor of f and h?
9
Let l = -16 + 16. Suppose -5*f + 5*v + 85 = -l*f, -2*v = -4*f + 62. Calculate the greatest common factor of f and 14.
14
Let f(z) = z**2 - 7*z - 4. Let t be f(8). What is the highest common factor of t and 28?
4
Let r(d) = -d**3 + 4*d**2 - 3*d. Suppose 0 = -4*t + 2*b + 14, 2*b = 3*t - 3*b - 21. Let j be r(t). What is the greatest common factor of 6 and j?
2
Suppose -68 - 44 = -4*r. Calculate the highest common divisor of 4 and r.
4
Let c(z) = -4*z - 2. Let r be c(-10). What is the greatest common factor of r and 19?
19
Let c(r) = 2*r - 10. Let k be c(7). Suppose -k*v = -v - 72. Let i = 142 + -82. Calculate the greatest common divisor of i and v.
12
Suppose 3*n - 2*s + 38 = -3*s, -5*n - 63 = 2*s. Let j = n + 23. Let p be (-363)/(-9) + (-2)/6. Calculate the greatest common divisor of j and p.
10
Suppose 2*i + 6 = 3*i. Let z(c) = c. Let t be z(0). Suppose v = 2*w - 135, 5*w + 3*v - 4*v - 333 = t. What is the greatest common divisor of w and i?
6
Suppose 0*o + 4*o + 4*g - 88 = 0, -5*o + 124 = -2*g. Suppose -3*c + 2*y = -78, -2*c + 3*c - 15 = -3*y. What is the highest common factor of o and c?
24
Let d(u) = -u**3 + u**2 - u + 80. Let p be d(0). Calculate the highest common factor of 32 and p.
16
Let p(a) = a**3 - a - 1. Let l be p(2). Suppose 0*d - 3*d + 93 = -j, 79 = 2*d + l*j. Let b be d/(-2)*(0 + -2). Calculate the highest common divisor of b and 80.
16
Let l be 8/36 + (-56)/9. Let g be (-64)/l + 1/3. Calculate the greatest common factor of 77 